ded by h.
11
Suppose 2*s = -0*s + 8. Suppose x - 17 - 4 = -s*v, -84 = -3*x - 5*v. Let d = x + -11. Calculate the remainder when 65 is divided by d.
21
Let i = -1496 - -1508. Calculate the remainder when 1065 is divided by i.
9
Suppose u + 17 = -4*a, u + 0*a + 2 = -a. Suppose h + 9 = u*s, -2*s + 5 + 3 = 0. Suppose 0*d - 24 = -h*d. What is the remainder when 21 is divided by d?
5
Let v = 624 - 559. What is the remainder when 127 is divided by v?
62
What is the remainder when ((-24)/(-18) - 124/3)*-6 is divided by 22?
20
Let g(l) = -l**2 + 6*l - 3. Let y be g(7). Let u = -5 - y. Suppose 23 = -u*d + 113. Calculate the remainder when 70 is divided by d.
16
Suppose 0 = -4*v + v + 135. What is the remainder when 146 is divided by v?
11
Suppose 4*d - 353 = d + 5*f, 4*d - 3*f = 467. Calculate the remainder when d is divided by 41.
34
Suppose 0*v - 3*v = 3*n - 75, 5*v - 4*n - 134 = 0. Suppose -r - 3 = -4. What is the remainder when v is divided by -6 + r + 2 + 17?
12
Let h(q) = q**3 + 7*q**2 - 8*q - 29. Calculate the remainder when 160 is divided by h(-6).
50
Let l be (-8 + 8)/(2/(-1)). Let f(q) = -4*q + 1. Calculate the remainder when 80/4 - (-3 - l) is divided by f(-3).
10
Let f = 17 - 12. Suppose -5*d = 3*m - f*m - 243, -3*m - 106 = -2*d. What is the remainder when d is divided by 8?
7
Suppose 13 = 5*n - 2. Let z = 8 - n. Suppose -2*v + 55 = -3*u, z*u - u - 40 = -3*v. Calculate the remainder when v is divided by 12.
8
Suppose 0 = 11*c - 13*c - 2*j + 332, c = 3*j + 186. What is the remainder when c is divided by 66?
39
Let r = 213 - 123. What is the remainder when r is divided by 65/(-5) + (1 - -6) - -52?
44
Suppose 54*o - 30 = 49*o. Suppose -o*f - 15 + 153 = 0. Calculate the remainder when (14/(-6))/(2/(-78)) is divided by f.
22
Let f = -32 - -51. Suppose -5*a + 15 + 20 = 0. What is the remainder when f is divided by a?
5
Suppose -156 = -c - 2*c. Calculate the remainder when c is divided by (-12*(1 + 0))/(-2).
4
Let g(m) = -32*m - 12. Let a be g(-6). Suppose -2*n + 140 = 4*x, -7*x + 2*x = 5*n - a. Calculate the remainder when x is divided by 10.
4
Let x(d) = -d**3 + d. Let q be x(0). Suppose q = -14*n + 10*n. Suppose -3*b - 1 + 88 = n. What is the remainder when b is divided by 10?
9
Let p = 779 + -777. Calculate the remainder when 53 is divided by p.
1
Let l = 222 + -84. Suppose -9*x + 17*x + 602 = 51*x. Calculate the remainder when l is divided by x.
12
Let c(z) = 3*z**2 - 6*z - 2. Let p be c(4). Suppose 2*x - p = -6. What is the remainder when 46 is divided by x?
6
Let v(n) = 65*n**2 - 7*n - 14. What is the remainder when v(-2) is divided by 22?
18
Let a(x) = -1 + x - 5 + 6*x. Let f(z) = 11*z - 32. Calculate the remainder when a(4) is divided by f(4).
10
What is the remainder when 150 is divided by (-19)/((-228)/1080) - (3 - -3)?
66
Let f(s) = 5*s**3 - 3*s**2 + 2. Suppose -3*v - 9 = -0*v. Calculate the remainder when f(2) is divided by (-72)/15*(1/v + -3).
14
Let z = 16 + 3. Suppose z = k - 5. What is the remainder when (-2 - 92)*(2 - 3) is divided by k?
22
Suppose -2*m + 5*x - 59 = 0, 1 = 4*x - 3. Let r(h) = h - 50. Let s be r(0). Let o = m - s. Calculate the remainder when 67 is divided by o.
21
Suppose -5*t = -0*t. Let v be -2 - t - 0 - 22. What is the remainder when 95 is divided by v/(-30) - 232/(-10)?
23
Suppose 5*s - 5*n = 80, 0 = 4*s + 7*n - 3*n - 24. Suppose 0 = -3*q + 2*p + 571, 0 = -p - s + 9. Calculate the remainder when q is divided by 16.
13
Suppose 8 = -4*f - 4. Calculate the remainder when 24 - (f/6)/(3/6) is divided by 9.
7
Calculate the remainder when ((-46)/(-6))/(3/9) is divided by (-1)/(1/(-8)) + 82 + -78.
11
Suppose -2*d + 4*u + 62 = 0, 75 - 266 = -5*d - 2*u. Calculate the remainder when 167 is divided by d.
19
Let x = -37 - -55. Calculate the remainder when x is divided by 14.
4
Let k be (-4707)/54 - 1/(-6). Let z = -65 - k. Calculate the remainder when 64 is divided by z.
20
Let d = -189 + 196. Calculate the remainder when 10 is divided by d.
3
Let s(j) = -6*j + 2. Calculate the remainder when s(-13) is divided by 4.
0
Let k = -8 + 20. Suppose 2*x = 4*x - 78. Calculate the remainder when x is divided by (7 - k/(-4)) + 0.
9
Suppose -4*k - k + 5 = 0. Calculate the remainder when k is divided by ((-5)/20 + 6/(-8))*-1.
0
Calculate the remainder when (-2260)/(-5) - (-15)/3 is divided by 51.
49
Suppose -2*h + 118 = 110. Suppose 34 = -h*i + 86. What is the remainder when 22 is divided by i?
9
Calculate the remainder when 58 is divided by 2/4 - (-1207)/34.
22
Let p = -23 + 23. Suppose p = -2*n + 758 - 278. Suppose -4*w - b = -n, -b + 120 = 2*w + 2*b. What is the remainder when w is divided by 31?
29
Let i(d) = -2*d**2 - 22*d. Let u be i(-9). Suppose 0*p - u = -2*p. Calculate the remainder when 107 is divided by p.
17
Suppose 4*w + 10 = -q, 0*q = q - 4*w - 14. Suppose -3*z + 29 = -q*z. Let r = 31 - z. Calculate the remainder when 6 is divided by r.
0
Let m be 1/(9/(-5) + 2). Let k(s) = 2*s**2 - 52*s + 3. Let p be k(26). Suppose -p*v - 18 = -m*v. What is the remainder when 33 is divided by v?
6
Let s be -4*((-5 - -7) + (-22)/8). Suppose 4*l = 8, 5*w + s*l - 70 = w. What is the remainder when 61 is divided by w?
13
Suppose -17 = -5*j - 47. Calculate the remainder when (4 - 3)/((-3)/j) is divided by (1 + 0 + -2)/(-1).
0
Suppose -5*n - 119 = -3*c, -3*c + n = 3*n - 91. What is the remainder when 192 is divided by c?
27
Let m(a) be the third derivative of -a**4/6 - 16*a**3/3 - 10*a**2. What is the remainder when m(-10) is divided by 2?
0
What is the remainder when (-1)/2*1*-136 - -4 is divided by 65?
7
Let j(g) = g**3 - 25*g**2 + 102*g - 21. What is the remainder when 317 is divided by j(20)?
13
Let k(d) = 7*d - 61. Let i be k(11). Let g be (-4)/10 - 4/(-10). Suppose l + i - 102 = g. Calculate the remainder when l is divided by 22.
20
Calculate the remainder when ((-32)/5)/(30/(-600)) is divided by 22.
18
Let k(f) = -f**2 + 56*f - 589. What is the remainder when 737 is divided by k(17)?
71
Suppose 2*k - 6*k + 64 = 0. Suppose -250 = 11*l - k*l. What is the remainder when l is divided by 13?
11
Suppose 2*c = -0*c + 6. Suppose i = -3*q + 66, -2*q + 35 + 16 = c*i. Calculate the remainder when q is divided by -13*(2/3 + (-40)/24).
8
Let w be (-4 - -153) + -1*3. Let n = w - 231. What is the remainder when 2/(-5)*(0 + n) is divided by 12?
10
Suppose -5*x - d - d = -484, 2*x - 181 = -5*d. What is the remainder when x is divided by (-36)/(-90) + 53/5?
10
Let x = -317 - -414. What is the remainder when x is divided by (11 - 3) + 3 + 3?
13
Let h = 3920 + -3897. Let j be -10*(3/2 - 1). Let k(g) = -g**3 - g**2 + 8*g + 7. Calculate the remainder when k(j) is divided by h.
21
Suppose 0 = -2*u + 4 - 36. Let z = u + 26. Let g = -13 - -17. Calculate the remainder when z is divided by g.
2
Let a(v) be the third derivative of v**5/60 - 11*v**4/24 - 10*v**3/3 - 3*v**2. What is the remainder when ((-20)/22)/(-5) + (-3455)/(-55) is divided by a(14)?
19
Suppose 4*g + 5*r - 403 = 0, -20 - 86 = -g - 3*r. Let j = -10579 - -10599. Calculate the remainder when g is divided by j.
17
Let s be ((-1)/3)/(3/54). Calculate the remainder when -2*(s - 51)*(-2)/(-3) is divided by 132/5 - (-2)/(-5).
24
Let o = -57 - -68. Let q = -17 - -22. Calculate the remainder when o is divided by q.
1
Suppose -58*g = -67*g + 1143. Calculate the remainder when 273 is divided by g.
19
Suppose -2*a + 8 + 6 = 0. Let b be (a/4)/((-1)/(-12)). Let o = -19 + b. What is the remainder when 9 is divided by o?
1
Let b = -4 + 18. Let g be 0/(-1 + (6 - 3)). Suppose t = -g*t + 5. Calculate the remainder when b is divided by t.
4
Let x be -6 + (-9)/(-3) - -7. Suppose -3*b + 18 + 7 = 4*a, 3*b = x*a + 65. Let u(w) = w**3 - 8*w**2 - 2*w - 19. What is the remainder when u(9) is divided by b?
14
Let r(y) = 2*y**2 + 4*y + 11. Let w(p) = -6*p**2 + p + 2. Let v be w(-1). Calculate the remainder when r(v) is divided by 14.
13
Let w(r) = -r**2 - 9*r + 3. Let q be w(-9). Suppose -2*j + 6*j - 4*y - 44 = 0, -q*j = -4*y - 28. What is the remainder when 63 is divided by j?
15
Let k = -94 + 245. Calculate the remainder when k is divided by 14.
11
Let a(t) = -t**2 + 26*t + 12. Suppose 0 = 5*l - 6*l + 59. What is the remainder when l is divided by a(26)?
11
Let z = 124 + -87. Calculate the remainder when z is divided 